5) is divided by 14.
12
Suppose 0 = -5*g - 16 - 44. Let l = -5 - g. Calculate the remainder when 10 is divided by l.
3
Calculate the remainder when 197 is divided by ((-12)/9)/(2 - 272/132).
21
Let f(t) = -t**3 - t**2 - 2*t - 3. Let o be f(-2). Suppose 7 = -3*c + o*g + 37, 0 = -5*g. Calculate the remainder when 48 is divided by c.
8
Let q(a) = 8*a**2 + 2. Suppose -475*p + 225 = -466*p. What is the remainder when q(3) is divided by p?
24
Suppose 4*b = 2*h - 76, -14*b = -h - 18*b + 32. Calculate the remainder when 429 is divided by h.
33
Suppose -181*f + 23 = -180*f. What is the remainder when 31 is divided by f?
8
Calculate the remainder when 27*15/(-2)*488/(-549) is divided by 32.
20
Let n(b) = b**2 + 49*b - 275. What is the remainder when n(-55) is divided by 19?
17
Let h = -9 - -19. Let j = h + -2. What is the remainder when 657/45 + 24/60 is divided by j?
7
Let g = -889 - -1458. What is the remainder when g is divided by 114?
113
Let n be -423 + -4 + (-3)/(-3). Calculate the remainder when 2/8 + n/(-24) is divided by 5.
3
Suppose 10*q + 2*q - 636 = 0. Suppose -3*c = -8*c + 140. What is the remainder when q is divided by c?
25
Let r = 317 + -303. What is the remainder when 138 is divided by r?
12
Suppose 0*y + 2*y - 590 = 0. Suppose -4*i + i = 2*l - 131, 4*l - 5*i - y = 0. Calculate the remainder when l is divided by 24.
22
Suppose -5*y = 5*s - 685, -y - 3*s + 141 = 2*s. Calculate the remainder when y is divided by (((-12)/9)/(-2))/((-14)/(-483)).
21
Let g = -13 + 264. Calculate the remainder when g is divided by 85.
81
Let d = 8 + 5. What is the remainder when (3 + (0 - 147/9))*(-840)/350 is divided by d?
6
Let p(n) = -n**2 - 6*n + 2. Let g be p(-9). Let d = 8 + g. Let h = 46 + d. What is the remainder when h is divided by 15?
14
Let t(u) = -u**2 - 3*u. Let o be t(-2). Let m be -1 + 18*o/4. Let z = m - -22. What is the remainder when z is divided by 11?
8
Suppose -5*l + 2*l + 12 = 0. Suppose 52*g - 530 = -g. What is the remainder when g is divided by l?
2
Let d(f) be the third derivative of f**4/8 - 13*f**3/3 + 16*f**2. What is the remainder when 34 is divided by d(11)?
6
Let c be 313/(-5) - (-4)/(-10). Suppose 1488 = 13*w - 72. Let v = w + c. Calculate the remainder when v is divided by 29.
28
Suppose -w - 5 = -b - 2, 0 = w - 4*b + 18. Suppose w*a - 48 = -2*a. What is the remainder when -46*(0 - 1/(2 + -1)) is divided by a?
10
What is the remainder when (167 + 4)*(7 + -5)/6 is divided by 9?
3
Calculate the remainder when 137 is divided by (-3 - -4)*1/(1/73).
64
Let h(s) = -s**3 - 13*s**2 + 11. Let b(c) = 13*c**3 - c**2 + 1. Let f be b(-1). What is the remainder when 31 is divided by h(f)?
9
Suppose 2*f = -5*f + 63. What is the remainder when 57 is divided by f?
3
Let u = 106 + -23. Calculate the remainder when u is divided by -14*(-7 - -10 - 2*2).
13
What is the remainder when 361/114*60/2 is divided by 34?
27
Suppose -2*n - 8 = -118. Calculate the remainder when 216 is divided by n.
51
Suppose -4*d = -d + 2*c + 20, -5*d - 4*c = 36. Let p = d + 22. What is the remainder when 7 is divided by (p/(-15))/((-6)/20)?
3
Let s be 9/54 + 2865/(-18). What is the remainder when ((-16)/(-3) + -5)/((-1)/s) is divided by 23?
7
Suppose 183*b + 98 = 185*b. Calculate the remainder when 585 is divided by b.
46
Suppose 5*x + 85 = 5*n, -3*n = 4*x - 89 + 3. Calculate the remainder when 60 is divided by n.
16
Let i(w) = -w**2 + 5*w + 7. Let m = 0 + 3. What is the remainder when i(4) is divided by m?
2
Let t = -281 + 677. Calculate the remainder when t is divided by 5.
1
What is the remainder when 30 is divided by 2*(8 + -11 + 11)?
14
Let h(f) = f**3 - 10*f**2 - 10*f - 12. Let t be h(11). Let g = 60 + t. Suppose -125 = -4*z + g. What is the remainder when z is divided by 24?
22
Suppose -3*k + 16 = -v + 5, 4*v + 8 = 0. What is the remainder when 58 is divided by k?
1
Let d = -48 + 50. Suppose -15 = 5*y, d*y + 176 = 8*p - 3*p. What is the remainder when p is divided by 7?
6
What is the remainder when 50 is divided by (108/16 - -6)*(-8)/(-6)?
16
Suppose -3*o = 5 + 7. Let l be 0/(-4 + 1 - o). Suppose -4*c + 250 = 2*p, -2*c + l*c = -2*p - 116. What is the remainder when c is divided by 16?
13
Let w(y) = -y**3 + 11*y**2 + 2. Let c be w(11). Calculate the remainder when c/7 + -332*(-5)/70 is divided by 3.
0
What is the remainder when 1830/22 + (-2)/11 is divided by ((-4)/6)/(8/(-348))?
25
Let d = 669 + -627. Calculate the remainder when d is divided by 5.
2
Let p = -7 - -18. Let x(w) = -w + 63. Calculate the remainder when x(31) is divided by p.
10
Let k(u) = u**2 + 5. Suppose -4*p + 6 + 2 = 0. Suppose -10 = 5*z - 4*d, 0 = 2*z - 3*d + d + p. What is the remainder when k(z) is divided by 14?
13
Suppose -5*u - 99 = -x - 32, 43 = x + u. Let z = x + -19. What is the remainder when z is divided by 15?
13
Let m = -23 - -24. Let i = m + 20. Calculate the remainder when 40 is divided by i.
19
Let q be 102 + 1/((-2)/(-4)). Suppose 0 = 3*v + v - q. Calculate the remainder when 76 is divided by v.
24
Suppose 4*z - 2*g = 1608, -3*z - 2*g = -5*z + 806. Calculate the remainder when z is divided by 13.
11
Suppose 3*w - 320 = 7*w. Let r = -51 - w. Calculate the remainder when 115 is divided by r.
28
Suppose 28*z + 12*z - 7760 = 0. What is the remainder when z is divided by 11?
7
Let t = 24 + -19. What is the remainder when 824/20 + (-1)/t is divided by 21?
20
Let n be 427 - (-5 - (1 - 9)). Suppose -4*o = o - 20. Suppose 0*v = -o*v + n. What is the remainder when v is divided by 36?
34
Let y = -45 - -64. What is the remainder when (-267)/(-3) - (-104)/26 is divided by y?
17
Suppose 2*t + 2*p = t, -2*t + 6 = -2*p. Suppose -t*b = -94 + 8. Calculate the remainder when b is divided by 11.
10
Suppose 15 = 3*p, p = 3*u + 4 - 11. Let n(f) = 2*f**2 + 242*f + 482. What is the remainder when n(-2) is divided by u?
2
Let j = -409 + 439. What is the remainder when 49 is divided by j?
19
Let k(u) = 2*u + 39. Let h be k(-15). Let r = h + 2. What is the remainder when 41 is divided by r?
8
Suppose 17 = m + 4*o, -2*m + o - 4*o = -29. Calculate the remainder when 74 is divided by m.
9
Let a(t) = 2*t**2 - 2*t - 2. Let z(f) = -f**3 - 2*f**2 + 3*f. Let l be z(-3). Suppose -4*m + 54 + 22 = l. What is the remainder when m is divided by a(3)?
9
Let z(c) = c**3 - 5*c**2 + c - 4. What is the remainder when 6/(-99) + 29514/198 is divided by z(6)?
35
Let g(c) = 6*c + 15. Let s be g(-7). Let o = s - -39. Calculate the remainder when 46 is divided by o.
10
Suppose 2*s + 12 = 3*g, -3*g - 4 = -4*g + 5*s. Suppose 5*v + 11 = -n + 61, 4*v = 3*n - 131. What is the remainder when n is divided by (1*g)/((-14)/(-56))?
13
Calculate the remainder when (-112592)/(-96) + (-7)/(-6) is divided by 19.
15
Let c be (40 - -2)*(0 - 1). Let i = c + 97. What is the remainder when i is divided by -2 + 27 + -3 + -3?
17
Suppose 0 = -5*o - 22 - 3, -5*w - o = -315. Calculate the remainder when w is divided by 28.
8
Suppose 1 = 3*b - 2. Let w(t) = 68*t - 1. Let d be w(b). Let y = -6 + d. What is the remainder when y is divided by 16?
13
Let o = 2 + 7. Calculate the remainder when 71 is divided by o.
8
Suppose -14*x - 135 + 597 = 0. What is the remainder when 395 is divided by x?
32
Let y = 152 - 156. What is the remainder when 34 is divided by ((-6)/y)/(15/190)?
15
Let b(o) = -o**3 + 22*o**2 + 42*o - 24. Calculate the remainder when b(23) is divided by 69.
68
Let p = -563 + 641. What is the remainder when p is divided by 17?
10
Suppose -83 = -4*x - 3. Suppose -2*t - t + 3*q = -75, -x = -5*q. Suppose -2*h = -a + 5, -3 = -2*a + h + 22. What is the remainder when t is divided by a?
14
Suppose 17 = o + 3. Let u(r) = r**2 + 10*r + 11. Let k be u(-9). Let p(x) = 26*x + 2. Calculate the remainder when p(k) is divided by o.
12
Suppose -21 = -4*m + i + 4*i, -2*m = i - 7. Suppose 23 + m = u. Suppose 105 = 11*f + 4*f. Calculate the remainder when u is divided by f.
6
Suppose 48*l - 854 = -6*l - 7*l. Suppose -408 = -3*a - 81. Calculate the remainder when a is divided by l.
11
Let y(w) = -2*w + 5. Let s = -103 + 120. Calculate the remainder when s is divided by y(0).
2
What is the remainder when 327 is divided by (135/(-36))/(2/(-16))?
27
Suppose 2*m = x - 15, x - 3*m - 1 - 15 = 0. What is the remainder when 47 is divided by x?
8
Suppose 0 = -27*g +